4254.
2, 3, 7, 11, 739
List the prime factors of 112570.
2, 5, 11257
List the prime factors of 8781613.
149, 58937
List the prime factors of 15137605.
5, 7, 432503
List the prime factors of 3068766.
2, 3, 19, 997
List the prime factors of 1501392.
2, 3, 31, 1009
List the prime factors of 1268444.
2, 67, 4733
What are the prime factors of 1807556?
2, 139, 3251
What are the prime factors of 132512?
2, 41, 101
What are the prime factors of 3021747?
3, 1007249
List the prime factors of 662613.
3, 7, 139, 227
List the prime factors of 535550.
2, 5, 10711
What are the prime factors of 431919?
3, 17, 941
What are the prime factors of 18697315?
5, 7, 13, 29, 109
What are the prime factors of 204944?
2, 12809
What are the prime factors of 628498?
2, 13, 23, 1051
What are the prime factors of 126067?
126067
List the prime factors of 2754182.
2, 421, 3271
What are the prime factors of 1187511?
3, 13, 30449
What are the prime factors of 2748659?
2748659
What are the prime factors of 16341?
3, 13, 419
What are the prime factors of 13602522?
2, 3, 23, 241, 409
List the prime factors of 122133.
3, 11, 3701
List the prime factors of 397497.
3, 132499
List the prime factors of 10683.
3, 1187
What are the prime factors of 3011066?
2, 797, 1889
What are the prime factors of 594411?
3, 347, 571
What are the prime factors of 40855?
5, 8171
What are the prime factors of 405737?
151, 2687
What are the prime factors of 336003?
3, 47, 2383
What are the prime factors of 116821?
197, 593
What are the prime factors of 3124978?
2, 659, 2371
What are the prime factors of 205878?
2, 3, 34313
List the prime factors of 4406747.
4406747
What are the prime factors of 5280212?
2, 7, 188579
What are the prime factors of 604130?
2, 5, 60413
What are the prime factors of 15412819?
19, 547, 1483
List the prime factors of 7156451.
167, 42853
List the prime factors of 2659295.
5, 61, 8719
What are the prime factors of 2104355?
5, 11, 38261
What are the prime factors of 348795?
3, 5, 23, 337
List the prime factors of 4560669.
3, 109, 4649
List the prime factors of 863447.
13, 17, 3907
List the prime factors of 562056.
2, 3, 11, 2129
What are the prime factors of 5790?
2, 3, 5, 193
What are the prime factors of 3736395?
3, 5, 13, 2129
What are the prime factors of 518017?
518017
What are the prime factors of 1597457?
1597457
What are the prime factors of 5776117?
5776117
What are the prime factors of 25827112?
2, 53, 60913
List the prime factors of 235229.
17, 101, 137
What are the prime factors of 189942?
2, 3, 31657
List the prime factors of 867814.
2, 31, 13997
What are the prime factors of 113699?
67, 1697
List the prime factors of 16239698.
2, 401, 20249
What are the prime factors of 682311?
3, 7, 32491
List the prime factors of 486802.
2, 243401
List the prime factors of 1062184.
2, 31, 4283
What are the prime factors of 1139456?
2, 4451
List the prime factors of 574416.
2, 3, 3989
What are the prime factors of 15867157?
15867157
List the prime factors of 16264929.
3, 83, 787
What are the prime factors of 394571?
394571
List the prime factors of 180777.
3, 60259
What are the prime factors of 211707?
3, 7841
List the prime factors of 687520.
2, 5, 4297
List the prime factors of 295778.
2, 7, 37, 571
List the prime factors of 696895.
5, 37, 3767
List the prime factors of 6715236.
2, 3, 11, 50873
What are the prime factors of 1354097?
29, 53, 881
What are the prime factors of 1487862?
2, 3, 59, 467
List the prime factors of 4017.
3, 13, 103
What are the prime factors of 400768?
2, 31, 101
What are the prime factors of 216666?
2, 3, 12037
List the prime factors of 6579994.
2, 3289997
What are the prime factors of 15350127?
3, 13, 393593
List the prime factors of 5615484.
2, 3, 7, 66851
List the prime factors of 11327829.
3, 3775943
List the prime factors of 549347.
19, 29, 997
List the prime factors of 213088.
2, 6659
What are the prime factors of 8759267?
11, 17, 31, 1511
What are the prime factors of 565634?
2, 277, 1021
What are the prime factors of 468557?
468557
What are the prime factors of 1984824?
2, 3, 1021
List the prime factors of 1999843.
491, 4073
What are the prime factors of 167602?
2, 47, 1783
What are the prime factors of 5443353?
3, 349, 1733
List the prime factors of 961771.
127, 7573
What are the prime factors of 27885606?
2, 3, 7, 94849
List the prime factors of 20050514.
2, 11, 17, 53611
What are the prime factors of 790051?
790051
What are the prime factors of 3058544?
2, 19, 10061
List the prime factors of 84291.
3, 28097
What are the prime factors of 998251?
293, 3407
List the prime factors of 14572954.
2, 11, 662407
List the prime factors of 824436.
2, 3, 22901
List the prime factors of 1238585.
5, 247717
List the prime factors of 250322.
2, 47, 2663
What are the prime factors of 956628?
2, 3, 26573
List the prime factors of 4851915.
3, 5, 107, 3023
List the prime factors of 4675598.
2, 197, 11867
List the prime factors of 254626.
2, 17, 7489
List the prime factors of 1033507.
1033507
What are the prime factors of 7596375?
3, 5, 47, 431
What are the prime factors of 5785359?
3, 163, 11831
List the prime factors of 182989.
19, 9631
What are the prime factors of 49072?
2, 3067
List the prime factors of 4318128.
2, 3, 157, 191
What are the prime factors of 1830483?
3, 203387
List the prime factors of 1502010.
2, 3, 5, 5563
What are the prime factors of 5478304?
2, 13, 1013
List the prime factors of 241528.
2, 7, 19, 227
What are the prime factors of 9093836?
2, 2273459
What are the prime factors of 16025039?
16025039
List the prime factors of 360014.
2, 180007
What are the prime factors of 1203217?
1203217
List the prime factors of 868354.
2, 509, 853
List the prime factors of 25193032.
2, 3149129
List the prime factors of 5962115.
5, 1192423
What are the prime factors of 1459414?
2, 11, 66337
List the prime factors of 51330.
2, 3, 5, 29, 59
List the prime factors of 2528747.
13, 1151
List the prime factors of 3897378.
2, 3, 41, 5281
What are the prime factors of 7463421?
3, 7, 13163
What are the prime factors of 993285?
3, 5, 22073
List the prime factors of 867800.
2, 5, 4339
What are the prime factors of 418345?
5, 31, 2699
List the prime factors of 11623244.
2, 43, 67577
List the prime factors of 228312.
2, 3, 7, 151
What are the prime factors of 7026529?
61, 127, 907
List the prime factors of 16431109.
337, 48757
What are the prime factors of 2412366?
2, 3, 11, 36551
List the prime factors of 312739.
7, 43, 1039
What are the prime factors of 13729711?
41, 257, 1303
What are the prime factors of 178560?
2, 3, 5, 31
What are the prime factors of 948163?
179, 5297
What are the prime factors of 70759?
13, 5443
List the prime factors of 124165.
5, 19, 1307
What are the prime factors of 97755?
3, 5, 7, 19
What are the prime factors of 26837936?
2, 199, 8429
List the prime factors of 4697319.
3, 11, 137, 1039
List the prime factors of 11669089.
17, 686417
List the prime factors of 577707.
3, 13, 14813
List the prime factors of 165828.
2, 3, 13, 1063
What are the prime factors of 1815413?
17, 23, 4643
What are the prime factors of 984194?
2, 163, 3019
List the prime factors of 309405.
3, 5, 20627
List the prime factors of 5067.
3, 563
What are the prime factors of 3140301?
3, 19, 37, 1489
List the prime factors of 25182268.
2, 6295567
List the prime factors of 114686.
2, 11, 13, 401
What are the prime factors of 9346566?
2, 3, 17, 43, 2131
List the prime factors of 757742.
2, 61, 6211
What are the prime factors of 3573591?
3, 7, 379, 449
List the prime factors of 1901594.
2, 23, 67, 617
What are the prime factors of 89415?
3, 5, 1987
List the prime factors of 4039930.
2, 5, 403993
What are the prime factors of 871454?
2, 17, 19, 71
List the prime factors of 162182.
2, 83, 977
List the prime factors of 9474801.
3, 7, 451181
What are the prime factors of 25774310?
2, 5, 2577431
List the prime factors of 258814.
2, 151, 857
What are the prime factors of 36389?
36389
What are the prime factors of 2926251?
3, 347, 937
What are the prime factors of 2478332?
2, 619583
What are the prime factors of 229869?
3, 25541
What are the prime factors of 101288?
2, 11, 1151
What are the prime factors of 13922454?
2, 3, 7, 13, 43, 593
List the prime factors of 158017.
158017
What